Calculate the greatest common factor of 540 and 50.
10
Calculate the highest common factor of 40 and 1260.
20
Calculate the greatest common factor of 152 and 779.
19
Calculate the greatest common factor of 20196 and 891.
297
What is the highest common divisor of 1280 and 20?
20
What is the greatest common divisor of 85 and 25?
5
What is the greatest common divisor of 4046 and 14?
14
What is the highest common divisor of 2241 and 108?
27
Calculate the greatest common factor of 23 and 23437.
23
What is the highest common divisor of 24 and 3516?
12
What is the highest common divisor of 28932 and 12?
12
What is the greatest common divisor of 81 and 6?
3
What is the highest common factor of 6 and 142?
2
Calculate the greatest common factor of 82 and 287.
41
Calculate the greatest common divisor of 1491 and 42.
21
Calculate the greatest common divisor of 142 and 6.
2
Calculate the highest common divisor of 44 and 836.
44
What is the greatest common divisor of 88 and 187?
11
Calculate the highest common factor of 60 and 456.
12
What is the highest common divisor of 30 and 690?
30
What is the greatest common divisor of 76 and 361?
19
Calculate the greatest common divisor of 628 and 29202.
314
Calculate the highest common divisor of 192 and 672.
96
Calculate the highest common factor of 135 and 4260.
15
Calculate the greatest common divisor of 260 and 55.
5
Calculate the highest common factor of 16 and 5.
1
What is the highest common factor of 60 and 1140?
60
What is the highest common divisor of 38675 and 65?
65
Calculate the greatest common divisor of 2016 and 16.
16
Calculate the highest common divisor of 1288 and 112.
56
Calculate the highest common divisor of 57 and 969.
57
What is the greatest common divisor of 61 and 61?
61
Calculate the greatest common factor of 8 and 72.
8
Calculate the greatest common factor of 5 and 395.
5
What is the highest common divisor of 232 and 40?
8
What is the greatest common divisor of 672 and 84?
84
Calculate the highest common factor of 3456 and 208.
16
Calculate the highest common factor of 2 and 118.
2
Calculate the greatest common factor of 4592 and 492.
164
Calculate the highest common factor of 564 and 168.
12
Calculate the highest common factor of 76 and 1216.
76
Calculate the greatest common factor of 1854 and 27.
9
Calculate the greatest common factor of 137 and 20687.
137
What is the highest common divisor of 259 and 28?
7
Calculate the greatest common divisor of 16 and 6.
2
What is the greatest common divisor of 30534 and 42?
42
What is the highest common divisor of 84 and 1659?
21
Calculate the highest common factor of 4420 and 208.
52
What is the highest common divisor of 80 and 2432?
16
What is the greatest common divisor of 176 and 242?
22
Calculate the greatest common divisor of 16 and 184.
8
What is the highest common factor of 492 and 12?
12
What is the greatest common divisor of 69 and 45?
3
Calculate the highest common factor of 129 and 86.
43
What is the greatest common divisor of 91 and 1625?
13
Calculate the highest common factor of 4264 and 520.
104
Calculate the highest common divisor of 102 and 12852.
102
Calculate the highest common factor of 261 and 435.
87
What is the highest common factor of 32 and 9?
1
What is the greatest common factor of 779 and 82?
41
What is the highest common divisor of 102 and 63444?
102
What is the greatest common divisor of 32 and 496?
16
Calculate the highest common factor of 660 and 120.
60
What is the highest common factor of 420 and 2415?
105
Calculate the highest common factor of 342 and 8037.
171
Calculate the greatest common factor of 2387 and 154.
77
Calculate the greatest common factor of 84 and 294.
42
What is the greatest common factor of 4009 and 2?
1
What is the greatest common factor of 23 and 345?
23
Calculate the highest common divisor of 2 and 62.
2
What is the highest common divisor of 48 and 1520?
16
What is the highest common factor of 8 and 664?
8
Calculate the highest common factor of 4955 and 5.
5
Calculate the highest common divisor of 220 and 132.
44
What is the greatest common divisor of 2425 and 25?
25
What is the greatest common divisor of 54 and 1161?
27
What is the greatest common factor of 4606 and 98?
98
Calculate the highest common factor of 9 and 2.
1
Calculate the highest common factor of 468 and 39.
39
What is the highest common factor of 2116 and 8?
4
What is the greatest common factor of 61557 and 102?
51
Calculate the highest common factor of 1017 and 113.
113
What is the highest common factor of 247 and 3857?
19
What is the highest common divisor of 2520 and 15?
15
What is the greatest common divisor of 77 and 44?
11
Calculate the highest common divisor of 27 and 111.
3
Calculate the highest common factor of 290 and 5120.
10
Calculate the highest common divisor of 2608 and 16.
16
What is the highest common divisor of 7 and 308?
7
Calculate the highest common factor of 175 and 125.
25
Calculate the highest common divisor of 328 and 861.
41
What is the greatest common factor of 3367 and 13?
13
Calculate the highest common factor of 4 and 1622.
2
Calculate the highest common factor of 32 and 1432.
8
What is the highest common divisor of 184 and 8?
8
What is the greatest common divisor of 8380 and 30?
10
What is the greatest common factor of 651 and 465?
93
Calculate the greatest common factor of 53 and 2173.
53
Calculate the highest common factor of 12694 and 22.
22
What is the greatest common divisor of 34 and 255?
17
Calculate the greatest common divisor of 44 and 66.
22
Calculate the greatest common factor of 5618 and 106.
106
Calculate the greatest common factor of 22 and 6842.
22
What is the greatest common divisor of 270 and 630?
90
Calculate the greatest common divisor of 334 and 1.
1
Calculate the highest common factor of 5656 and 280.
56
Calculate the greatest common divisor of 408 and 24.
24
What is the greatest common factor of 990 and 90?
90
What is the highest common factor of 198 and 22?
22
Calculate the highest common factor of 570 and 3230.
190
What is the greatest common divisor of 130 and 182?
26
What is the highest common factor of 15 and 35?
5
What is the highest common factor of 25 and 2725?
25
What is the highest common divisor of 140 and 196?
28
What is the highest common divisor of 585 and 2223?
117
Calculate the highest common factor of 140 and 670.
10
What is the greatest common factor of 81 and 2727?
27
Calculate the highest common factor of 63 and 72.
9
What is the highest common divisor of 882 and 9?
9
Calculate the greatest common factor of 44 and 32.
4
What is the highest common divisor of 1370 and 30?
10
Calculate the greatest common factor of 6612 and 132.
12
Calculate the greatest common factor of 24 and 126.
6
What is the greatest common divisor of 175 and 119?
7
What is the greatest common divisor of 5194 and 1?
1
Calculate the greatest common factor of 2 and 32.
2
Calculate the greatest common divisor of 78984 and 72.
72
What is the greatest common factor of 230 and 30?
10
Calculate the greatest common divisor of 1728 and 27.
27
What is the greatest common factor of 93 and 1395?
93
What is the greatest common divisor of 74 and 74?
74
Calculate the greatest common factor of 160 and 60.
20
Calculate the greatest common divisor of 79 and 79.
79
What is the highest common factor of 16 and 1304?
8
Calculate the highest common factor of 5436 and 151.
151
Calculate the highest common factor of 109 and 6976.
109
Calculate the highest common divisor of 1794 and 156.
78
Calculate the highest common divisor of 44 and 4741.
11
What is the greatest common factor of 1892 and 968?
44
Calculate the greatest common factor of 540 and 240.
60
Calculate the greatest common factor of 162 and 46818.
162
What is the greatest common factor of 730 and 230?
10
Calculate the greatest common factor of 494 and 646.
38
What is the greatest common divisor of 44 and 12?
4
What is the highest common divisor of 147 and 84?
21
Calculate the highest common factor of 2 and 16.
2
Calculate the greatest common divisor of 37 and 2812.
37
What is the highest common divisor of 31300 and 100?
100
What is the highest common divisor of 996 and 48?
12
What is the greatest common factor of 324 and 288?
36
Calculate the greatest